{"id":1510,"date":"2023-01-18T05:03:38","date_gmt":"2023-01-18T05:03:38","guid":{"rendered":"http:\/\/finestwp.com\/kingstrox\/?page_id=1510"},"modified":"2025-12-07T05:48:20","modified_gmt":"2025-12-07T05:48:20","slug":"nuestra-gente","status":"publish","type":"page","link":"https:\/\/rtimantenimiento.com\/index.php\/nuestra-gente\/","title":{"rendered":"Nuestra gente"},"content":{"rendered":"\t\t<div data-elementor-type=\"wp-page\" data-elementor-id=\"1510\" class=\"elementor elementor-1510\">\n\t\t\t\t\t\t<section class=\"elementor-section elementor-top-section elementor-element elementor-element-8aec3ae elementor-section-full_width elementor-section-height-min-height elementor-section-height-default elementor-section-items-middle\" data-id=\"8aec3ae\" data-element_type=\"section\" data-settings=\"{&quot;background_background&quot;:&quot;classic&quot;}\">\n\t\t\t\t\t\t<div class=\"elementor-container elementor-column-gap-no\">\n\t\t\t\t\t<div class=\"elementor-column elementor-col-100 elementor-top-column elementor-element elementor-element-aa22214\" data-id=\"aa22214\" data-element_type=\"column\">\n\t\t\t<div class=\"elementor-widget-wrap elementor-element-populated\">\n\t\t\t\t\t\t<div class=\"elementor-element elementor-element-6aa5c94 elementor-widget elementor-widget-heading\" data-id=\"6aa5c94\" data-element_type=\"widget\" data-widget_type=\"heading.default\">\n\t\t\t\t\t<h2 class=\"elementor-heading-title elementor-size-default\">Nuestra Gente<\/h2>\t\t\t\t<\/div>\n\t\t\t\t\t<\/div>\n\t\t<\/div>\n\t\t\t\t\t<\/div>\n\t\t<\/section>\n\t\t<div class=\"elementor-element elementor-element-0eefa92 e-flex e-con-boxed e-con e-parent\" data-id=\"0eefa92\" data-element_type=\"container\">\n\t\t\t\t\t<div class=\"e-con-inner\">\n\t\t\t\t<div class=\"elementor-element elementor-element-cc33ba5 elementor-widget__width-initial elementor-widget elementor-widget-heading\" data-id=\"cc33ba5\" data-element_type=\"widget\" data-widget_type=\"heading.default\">\n\t\t\t\t\t<span class=\"elementor-heading-title elementor-size-default\">Contamos con un excelente equipo de profesionales y t\u00e9cnicos con una amplia experiencia en el \u00e1mbito de mantenimiento industrial y montaje, cuidando de ellos y as\u00ed motiv\u00e1ndolos para hacer de cada trabajo una operaci\u00f3n segura, cumpliendo con los est\u00e1ndares en calidad, seguridad y salud en el trabajo.\n\nTrabajamos bajo las condiciones de unos procedimientos seguros por cada actividad espec\u00edfica utilizando equipos y elementos de protecci\u00f3n personal adecuados para cada necesidad.<\/span>\t\t\t\t<\/div>\n\t\t<div class=\"elementor-element elementor-element-916b526 e-con-full e-flex e-con e-child\" data-id=\"916b526\" data-element_type=\"container\">\n\t\t\t\t<div class=\"elementor-element elementor-element-d4c7b1d elementor-position-top elementor-widget elementor-widget-image-box\" data-id=\"d4c7b1d\" data-element_type=\"widget\" data-widget_type=\"image-box.default\">\n\t\t\t\t\t<div class=\"elementor-image-box-wrapper\"><figure class=\"elementor-image-box-img\"><img fetchpriority=\"high\" decoding=\"async\" width=\"690\" height=\"800\" src=\"https:\/\/rtimantenimiento.com\/wp-content\/uploads\/2025\/12\/image003.jpg\" class=\"attachment-full size-full wp-image-4107\" alt=\"\" srcset=\"https:\/\/rtimantenimiento.com\/wp-content\/uploads\/2025\/12\/image003.jpg 690w, https:\/\/rtimantenimiento.com\/wp-content\/uploads\/2025\/12\/image003-259x300.jpg 259w, https:\/\/rtimantenimiento.com\/wp-content\/uploads\/2025\/12\/image003-600x696.jpg 600w\" sizes=\"(max-width: 690px) 100vw, 690px\" \/><\/figure><\/div>\t\t\t\t<\/div>\n\t\t\t\t<\/div>\n\t\t\t\t\t<\/div>\n\t\t\t\t<\/div>\n\t\t\t\t<\/div>\n\t\t","protected":false},"excerpt":{"rendered":"<p>Nuestra Gente Contamos con un excelente equipo de profesionales y t\u00e9cnicos con una amplia experiencia en el \u00e1mbito de mantenimiento industrial y montaje, cuidando de ellos y as\u00ed motiv\u00e1ndolos para hacer de cada trabajo una operaci\u00f3n segura, cumpliendo con los est\u00e1ndares en calidad, seguridad y salud en el trabajo. Trabajamos bajo las condiciones de unos [&hellip;]<\/p>\n","protected":false},"author":1,"featured_media":0,"parent":0,"menu_order":0,"comment_status":"closed","ping_status":"closed","template":"tpl-default-elementor.php","meta":{"footnotes":""},"class_list":["post-1510","page","type-page","status-publish","hentry"],"_links":{"self":[{"href":"https:\/\/rtimantenimiento.com\/index.php\/wp-json\/wp\/v2\/pages\/1510","targetHints":{"allow":["GET"]}}],"collection":[{"href":"https:\/\/rtimantenimiento.com\/index.php\/wp-json\/wp\/v2\/pages"}],"about":[{"href":"https:\/\/rtimantenimiento.com\/index.php\/wp-json\/wp\/v2\/types\/page"}],"author":[{"embeddable":true,"href":"https:\/\/rtimantenimiento.com\/index.php\/wp-json\/wp\/v2\/users\/1"}],"replies":[{"embeddable":true,"href":"https:\/\/rtimantenimiento.com\/index.php\/wp-json\/wp\/v2\/comments?post=1510"}],"version-history":[{"count":8,"href":"https:\/\/rtimantenimiento.com\/index.php\/wp-json\/wp\/v2\/pages\/1510\/revisions"}],"predecessor-version":[{"id":4115,"href":"https:\/\/rtimantenimiento.com\/index.php\/wp-json\/wp\/v2\/pages\/1510\/revisions\/4115"}],"wp:attachment":[{"href":"https:\/\/rtimantenimiento.com\/index.php\/wp-json\/wp\/v2\/media?parent=1510"}],"curies":[{"name":"wp","href":"https:\/\/api.w.org\/{rel}","templated":true}]}}